?
9
What is the thousands digit of 4155530?
5
What is the hundred thousands digit of 5296263?
2
What is the hundred thousands digit of 179604?
1
What is the tens digit of 3776994?
9
What is the thousands digit of 184917?
4
What is the hundred thousands digit of 15837537?
8
What is the tens digit of 11281878?
7
What is the ten thousands digit of 78779?
7
What is the units digit of 29204238?
8
What is the units digit of 596299?
9
What is the thousands digit of 16207130?
7
What is the millions digit of 3722856?
3
What is the hundreds digit of 487607?
6
What is the thousands digit of 395661?
5
What is the ten thousands digit of 293842?
9
What is the tens digit of 124854?
5
What is the thousands digit of 951856?
1
What is the thousands digit of 597074?
7
What is the hundred thousands digit of 1722503?
7
What is the hundred thousands digit of 10060529?
0
What is the units digit of 235418?
8
What is the units digit of 30022843?
3
What is the thousands digit of 18112383?
2
What is the hundreds digit of 4986398?
3
What is the hundreds digit of 2770168?
1
What is the tens digit of 2540025?
2
What is the hundreds digit of 203270?
2
What is the units digit of 775789?
9
What is the tens digit of 1816619?
1
What is the hundreds digit of 2840167?
1
What is the hundred thousands digit of 831536?
8
What is the ten thousands digit of 578151?
7
What is the hundreds digit of 1396?
3
What is the hundreds digit of 4891908?
9
What is the thousands digit of 2082730?
2
What is the hundreds digit of 284924?
9
What is the thousands digit of 560355?
0
What is the ten thousands digit of 22904602?
0
What is the units digit of 3021388?
8
What is the units digit of 1669959?
9
What is the units digit of 267154?
4
What is the hundred thousands digit of 762852?
7
What is the units digit of 418692?
2
What is the millions digit of 14290630?
4
What is the tens digit of 157138?
3
What is the thousands digit of 673582?
3
What is the ten thousands digit of 104665?
0
What is the hundreds digit of 1794717?
7
What is the hundred thousands digit of 285228?
2
What is the millions digit of 20584681?
0
What is the ten thousands digit of 24379292?
7
What is the thousands digit of 95377?
5
What is the ten thousands digit of 1991994?
9
What is the hundred thousands digit of 362700?
3
What is the millions digit of 19876098?
9
What is the units digit of 739458?
8
What is the units digit of 34705?
5
What is the hundred thousands digit of 7775664?
7
What is the hundred thousands digit of 4768897?
7
What is the thousands digit of 4948183?
8
What is the hundred thousands digit of 356091?
3
What is the ten thousands digit of 265527?
6
What is the units digit of 10977215?
5
What is the ten millions digit of 24145039?
2
What is the units digit of 157610?
0
What is the hundreds digit of 716320?
3
What is the ten thousands digit of 5518292?
1
What is the ten thousands digit of 14723075?
2
What is the hundred thousands digit of 231915?
2
What is the thousands digit of 196039?
6
What is the hundred thousands digit of 2762943?
7
What is the units digit of 28449177?
7
What is the units digit of 304922?
2
What is the ten thousands digit of 170924?
7
What is the ten thousands digit of 1568880?
6
What is the hundred thousands digit of 288504?
2
What is the units digit of 1098780?
0
What is the ten thousands digit of 3572641?
7
What is the hundred thousands digit of 6549120?
5
What is the ten thousands digit of 1583956?
8
What is the hundreds digit of 21991798?
7
What is the ten thousands digit of 184718?
8
What is the ten thousands digit of 208322?
0
What is the hundred thousands digit of 203685?
2
What is the units digit of 214575?
5
What is the units digit of 1029104?
4
What is the units digit of 662898?
8
What is the tens digit of 7907151?
5
What is the millions digit of 1292137?
1
What is the thousands digit of 7024756?
4
What is the units digit of 445855?
5
What is the ten thousands digit of 240984?
4
What is the hundreds digit of 219698?
6
What is the tens digit of 14946499?
9
What is the tens digit of 3518261?
6
What is the tens digit of 2455455?
5
What is the ten thousands digit of 4417799?
1
What is the ten thousands digit of 1790213?
9
What is the hundred thousands digit of 915550?
9
What is the ten millions digit of 18342033?
1
What is the tens digit of 179766?
6
What is the ten thousands digit of 3146669?
4
What is the thousands digit of 7983?
7
What is the hundreds digit of 1220306?
3
What is the hundred thousands digit of 677115?
6
What is the units digit of 713925?
5
What is the ten thousands digit of 591768?
9
What is the units digit of 853520?
0
What is the tens digit of 1009341?
4
What is the tens digit of 3231174?
7
What is the ten thousands digit of 203598?
0
What is the hundreds digit of 31669133?
1
What is the hundreds digit of 10788586?
5
What is the hundreds digit of 5704847?
8
What is the ten thousands digit of 468954?
6
What is the ten thousands digit of 9429907?
2
What is the units digit of 8715?
5
What is the units digit of 4888638?
8
What is the thousands digit of 1795962?
5
What is the units digit of 571308?
8
What is the thousands digit of 449280?
9
What is the hundred thousands digit of 491235?
4
What is the thousands digit of 7443544?
3
What is the units digit of 384781?
1
What is the hundreds digit of 131235?
2
What is the tens digit of 635528?
2
What is the units digit of 175379?
9
What is the hundred thousands digit of 5052694?
0
What is the tens digit of 1674881?
8
What is the hundreds digit of 16331793?
7
What is the hundred thousands digit of 166536?
1
What is the hundred thousands digit of 18650601?
6
What is the millions digit of 3819145?
3
What is the hundred thousands digit of 880095?
8
What is the thousands digit of 206713?
6
What is the thousands digit of 481956?
1
What is the tens digit of 200864?
6
What is the units digit of 1281537?
7
What is the tens digit of 8204115?
1
What is the hundreds digit of 2599151?
1
What is the hundred thousands digit of 1401676?
4
What is the tens digit of 373470?
7
What is the hundreds digit of 192407?
4
What is the thousands digit of 889594?
9
What is the units digit of 10535471?
1
What is the millions digit of 4158927?
4
What is the thousands digit of 632748?
2
What is the units digit of 1057077?
7
What is the tens digit of 9618920?
2
What is the ten thousands digit of 339425?
3
What is the ten thousands digit of 3568211?
6
What is the hundred thousands digit of 759762?
7
What is the units digit of 9446330?
0
What is the hundred thousands digit of 8570908?
5
What is the ten thousands digit of 8712621?
1
What is the hundreds digit of 531457?
4
What is the thousands digit of 1090412?
0
What is the units digit of 166104?
4
What is the units digit of 182764?
4
What is the hundred thousands digit of 22254543?
2
What is the hundreds digit of 419813?
8
What is the units digit of 784854?
4
What is the hundred thousands digit of 1710646?
7
What is the hundreds digit of 6640545?
5
What is the units digit of 7919117?
7
What is the hundred thousands digit of 1625465?
6
What is the units digit of 452644?
4
What is the hundreds digit of 1848814?
8
What is the units digit of 215563?
3
What is the hundreds digit of 2908341?
3
What is the ten thousands digit of 3372902?
7
What is the hundreds digit of 16435265?
2
What is the hundreds digit of 129827?
8
What is the millions digit of 2120668?
2
What is the hundreds digit of 97396?
3
What is the units digit of 6609720?
0
What is the millions digit of 2317298?
2
What is the units digit of 11777450?
0
What is the ten thousands digit of 24406?
2
What is the units digit of 80609?
9
What is the hundreds digit of 35202?
2
What is the hundred thousands digit of 219096?
2
What is the tens digit of 13928973?
7
What is the units digit of 2309134?
4
What is the hundred thousands digit of 3673182?
6
What is the units digit of 267081?
1
What is the ten thousands digit of 155158?
5
What is the tens digit of 15352?
5
What is the millions digit of 2365962?
2
What is the ten thousands digit of 614793?
1
What is the hundreds digit of 13072?
0
What is the hundred thousands digit of 8676662?
6
What is the hundreds digit of 28424?
4
What is the thousands digit of 241695?
1
What is the units digit of 1351530?
0
What i